{"id":1210,"date":"2018-05-31T22:59:27","date_gmt":"2018-05-31T20:59:27","guid":{"rendered":"http:\/\/www.schule-finowfurt.de\/site\/?page_id=1210"},"modified":"2018-05-31T22:59:27","modified_gmt":"2018-05-31T20:59:27","slug":"internationale-treffen-ueber-das-erasmus-projekt-hinaus","status":"publish","type":"page","link":"https:\/\/www.schule-finowfurt.de\/site\/?page_id=1210","title":{"rendered":"Internationale Treffen \u00fcber das Erasmus+ Projekt hinaus"},"content":{"rendered":"<div class=\"art-box art-sheet\">\n<div class=\"art-box-body art-sheet-body\">\n<div class=\"art-layout-wrapper\">\n<div class=\"art-content-layout\">\n<div class=\"art-content-layout-row\">\n<div class=\"art-layout-cell art-content\">\n<div class=\"region region-content\">\n<div class=\"region region-content\">\n<div id=\"block-system-main\" class=\"block block-system\">\n<div id=\"node-226\" class=\"node node-article node-promoted\">\n<div class=\"art-box art-post\">\n<div class=\"art-box-body art-post-body\">\n<div class=\"art-post-inner art-article\">\n<div class=\"art-postcontent\">\n<div class=\"field field-name-body field-type-text-with-summary field-label-hidden\">\n<div class=\"field-items\">\n<div class=\"field-item even\">\n<h4>Zwei ungarische Sch\u00fcler zu Gast in der Schule Finowfurt<\/h4>\n<p><img loading=\"lazy\" decoding=\"async\" class=\"alignnone wp-image-1211 size-large\" src=\"https:\/\/www.schule-finowfurt.de\/site\/wp-content\/uploads\/2018\/05\/DSCN0691-2-1024x768.jpg\" alt=\"\" width=\"810\" height=\"608\" srcset=\"https:\/\/www.schule-finowfurt.de\/site\/wp-content\/uploads\/2018\/05\/DSCN0691-2.jpg 1024w, https:\/\/www.schule-finowfurt.de\/site\/wp-content\/uploads\/2018\/05\/DSCN0691-2-300x225.jpg 300w, https:\/\/www.schule-finowfurt.de\/site\/wp-content\/uploads\/2018\/05\/DSCN0691-2-768x576.jpg 768w, https:\/\/www.schule-finowfurt.de\/site\/wp-content\/uploads\/2018\/05\/DSCN0691-2-880x660.jpg 880w\" sizes=\"auto, (max-width: 810px) 100vw, 810px\" \/><\/p>\n<p class=\"rtejustify\">\u201eDie Schulwoche hat angefangen. Ich war aufgeregt, als wir die Treppen hinaufgingen und ich habe meinen Namen geh\u00f6rt: Peti!!\u201c, so schildert P\u00e8ter Huj aus der ungarischen Partnerstadt\u00a0 Dunaharaszti seine ersten Eindr\u00fccke. Und es war nicht sein erster Besuch in der Schule Finowfurt. Bereits im Oktober 2016 verbrachte er hier eine interessante Zeit im Rahmen des von der Europ\u00e4ischen Union gef\u00f6rderten Erasmus+ Projektes.<\/p>\n<p class=\"rtejustify\">P\u00e9ter wohnte w\u00e4hrend des internationalen Schultreffens bei der Familie von Nico-Connor Schulze, Klasse 9b, und \u00e4u\u00dfert sich folgenderma\u00dfen: \u201eDiese Woche war f\u00fcr mich unvergesslich. Leider ist diese Woche sehr schnell verflogen, aber ich habe sehr viele Menschen kennengelernt, zum Beispiel meine geliebte deutsche Familie. Im Oktober haben sie gesagt, dass ich irgendwann wieder zu ihnen fahren kann. Der Kontakt ist nicht abgerissen, zu Weihnachten habe ich ein sehr gro\u00dfes Geschenk bekommen. Im April habe ich mit meiner ungarischen Mitsch\u00fclerin Karina entschieden, dass wir 1000 prozentig nach Deutschland fahren. Zuerst war das nur eine Woche, aber Mandy (meine deutsche Gastmutter) hat gefragt, ob ich 2-3 Wochen bleiben m\u00f6chte. Deshalb habe ich den ganzen Plan noch einmal ge\u00e4ndert, und zum Schluss bin ich f\u00fcr zwei Wochen gefahren. Der Plan war, dass ich eine Woche die Schule besuche, eine Woche Urlaub mache. Wir haben die Flugtickets gekauft und wir mussten nur warten, dass die Zeit zwischen April und Juli vergeht. Es war wie eine Ewigkeit.\u201c<\/p>\n<p class=\"rtejustify\">Einige Tage sp\u00e4ter erneuter Besuch aus Ungarn \u2013 diesmal reiste Karina Mercz an, denn auch sie war mit ihrer deutschen Gastfamilie verabredet. Gemeinsam mit Luke Rapsch, Klasse 9b, und seiner Familie verbrachte sie wiederum erlebnisreiche Tage in der Schorfheide.<\/p>\n<p class=\"rtejustify\">Zu dritt, gemeinsam mit Zoe Mehlfeld, ehemals Klasse 10a, wurde der Heimflug angetreten. Am Flughafen wartete Vir\u00e1g Szab\u00f3, das ungarische Gastkind von Zoe. Vir\u00e1g wiederum lud Zoe zum Gegenbesuch ein.<br \/>\nDas Erasmus Projekt ist eine gro\u00dfartige Chance f\u00fcr Jugendliche und Erwachsene gleicherma\u00dfen, die Welt auf angenehme und sch\u00f6ne Weise erleben zu d\u00fcrfen.<\/p>\n<p class=\"rtejustify\">(Der ausf\u00fchrliche Bericht von P\u00e9ter Huj ist unter Projekte Erasmus 2016-2019 nachzulesen.)<\/p>\n<p class=\"rtejustify\">Marion Lange<br \/>\nKoordinatorin<br \/>\nErasmus+ Projekt<\/p>\n<\/div>\n<\/div>\n<\/div>\n<\/div>\n<div><\/div>\n<div class=\"cleared\"><em style=\"font-size: 1.125rem;\"><strong>Zwei Wochen in Deutschland<\/strong><\/em><\/div>\n<\/div>\n<\/div>\n<\/div>\n<\/div>\n<\/div>\n<\/div>\n<\/div>\n<\/div>\n<\/div>\n<\/div>\n<\/div>\n<div class=\"art-footer\">\n<div class=\"art-footer-body\">\n<div class=\"art-footer-text\">\n<div class=\"art-box art-sheet\">\n<div class=\"art-box-body art-sheet-body\">\n<div class=\"art-layout-wrapper\">\n<div class=\"art-content-layout\">\n<div class=\"art-content-layout-row\">\n<div class=\"art-layout-cell art-content\">\n<div class=\"region region-content\">\n<div class=\"region region-content\">\n<div id=\"block-system-main\" class=\"block block-system\">\n<div id=\"node-225\" class=\"node node-page\">\n<div class=\"art-box art-post\">\n<div class=\"art-box-body art-post-body\">\n<div class=\"art-post-inner art-article\">\n<div class=\"art-postcontent\">\n<div class=\"field field-name-body field-type-text-with-summary field-label-hidden\">\n<div class=\"field-items\">\n<div class=\"field-item even\">\n<p class=\"rtejustify\"><em>Im Oktober 2016 konnte ich wegen des Erasmus+ Projektes nach Deutschland fahren. Diese Woche war f\u00fcr mich unvergesslich. Leider ist diese Woche sehr schnell verflogen, aber ich habe sehr viele Menschen kennengelernt, zum Beispiel meine geliebte deutsche Familie. Im Oktober haben sie gesagt, dass ich irgendwann wieder zu ihnen fahren kann. Der Kontakt ist nicht abgerissen, zu Weihnachten habe ich ein sehr gro\u00dfes Geschenk bekommen. Im April habe ich mit meiner ungarischen Mitsch\u00fclerin, Karina entschieden, dass wir 1000% nach Deutschland fahren. Zuerst war das nur 1 Woche, aber Mandy (meine deutsche Gastmutter) hat gefragt, ob ich 2-3 Wochen bleiben m\u00f6chte. Deshalb habe ich den ganzen Plan noch einmal ge\u00e4ndert, und zum Schluss bin ich f\u00fcr 2 Wochen gefahren.<\/em><\/p>\n<p class=\"rtejustify\"><em>Der Plan war, dass ich eine Woche die Schule besuche, eine Woche Urlaub mache. Wir haben die Flugtickets gekauft. und wir mussten nur warten , dass die Zeit zwischen April und Juli vergeht. Es war wie eine Ewigkeit. Am 8. Juli ist das Flugzeug abgeflogen. Ich war sehr aufgeregt. ob das wirklich gut wird?! Nat\u00fcrlich habe ich mich nicht get\u00e4uscht. Ich bin auf Tegel um\u00a0 8 Uhr gut angekommen. Es ist da ein kleines Malheur passiert, n\u00e4mlich bin ich im Terminal A angekommen und Mandy und Nico haben im Terminal C auf mich gewartet. Nat\u00fcrlich haben sie mich gefunden, aber es gab ein bisschen Aufregung zu Beginn.<\/em><\/p>\n<p class=\"rtejustify\"><em>Die Schulwoche hat angefangen. Ich war aufgeregt, als wir die Treppen hinaufgingen und ich habe meinen Namen geh\u00f6rt: Peti!! Die erste Stunde war Mathe, wir haben mit einem Mathetest begonnen. Ich habe sp\u00e4ter erfahren, meiner war fehlerfrei. \uf04a Am n\u00e4chsten Tag bin ich mit Zoe nach Berlin f\u00fcr ein bisschen Shopping gefahren. Wir haben viel Geld ausgegeben. Das war ein toller Tag mit Zoe in Berlin, wir haben viel gelacht, und uns sehr viel unterhalten.\u00a0 Am Abend sind wir zu Hause angekommen. Am n\u00e4chsten Tag\u00a0 bin ich nat\u00fcrlich wieder in die Schule gegangen. In der Schule war jeder sehr nett und hilfsbereit. Meine Deutschkenntnisse haben sich sehr entwickelt. Deswegen freue ich mich sehr. In dieser Woche war ich mit meiner Familie im Eberswalder Zoo und mit Nico und Michel im Schwimmbad. Amelie war sehr oft bei uns dann haben wir sehr-sehr viele gelacht und viele bl\u00f6de Dinge gemacht. Mehrmals haben wir mit Nico eine Fahrradtour gemacht. Leider ist die erste Woche schnell vergangen. In der zweiten Woche waren wir nur 3 Tage in der Schule. Zoe hat mich zu ihrer Zeugnis\u00fcbergabe eingeladen, das war sehr s\u00fc\u00df und nett von ihr. Vor dem letzen Tag der Schule waren wir mit den 3 achten Klassen Kanufahren. Das hat mir sehr gefallen. An diesem Tag ist Karina auch angekommen. Leider war damit die Schule zu Ende. Nat\u00fcrlich habe ich wieder sehr viele Freunde kennengelernt.<\/em><\/p>\n<p class=\"rtejustify\"><em>Mit Karina bin ich wieder nach Berlin f\u00fcr eine Stadtbesichtigung gefahren. Die \u00f6ffentlichen Verkehrsmittel von Berlin sind ganz anders als in Budapest, es ist komplizierter, aber wir haben uns in Berlin gut gef\u00fchlt und wir haben sehr viele Fotos gemacht. In dieser Woche waren wir sehr oft im Kanal von Finowfurt baden. Fr\u00fcher h\u00e4tte ich so etwas nicht gemacht, dass ich in einem Fluss gebadet h\u00e4tte, aber das war wirklich toll. Luke\u2019s Eltern haben eine Grillparty organisiert, das hat sehr gut geklappt. Ich habe Brownies gebacken, es war sehr erfolgreich. Vor dem letzten Tag sind wir zur Nordsee gefahren. Obwohl das Wasser sehr kalt war, habe ich viel gebadet und ich habe auch einen Sonnenbrand bekommen (Ich wei\u00df nicht, wie ich das machen konnte). Leider ist der letzte Tag angekommen. Diesen Tag habe ich mit meiner Familie zu Hause verbracht. Zum Schluss habe ich wieder Palacsinta (Eierkuchen) gemacht, was jedem sehr geschmeckt hat. Am Abend musste ich leider abfahren. Es ist passiert, der traurige und schwere Abschied. Unser Flugzeug hatte eine Stunde Versp\u00e4tung, deshalb sind wir um Mitternacht zu Hause angekommen. Zoe ist auch mitgekommen, weil sie eine Woche bei Vir\u00e1g verbracht hat.<\/em><\/p>\n<p class=\"rtejustify\"><em>Zum Schluss m\u00f6chte ich Danke sagen<\/em><\/p>\n<p class=\"rtejustify\"><em>f\u00fcr Amelie und Annie, denn sie waren, mit denen ich die meiste Zeit verbracht habe und sie haben mir in der Schule sehr-sehr viel geholfen.<\/em><\/p>\n<p class=\"rtejustify\"><em>f\u00fcr Herrn Falk, weil ich seine Klasse besuchen durfte,<\/em><\/p>\n<p class=\"rtejustify\"><em>f\u00fcr Frau Kosanke, da ich diese Schule besuchen durfte,<\/em><\/p>\n<p class=\"rtejustify\"><em>f\u00fcr Frau Lange, da ich am Erasmus+ Projekt teilnehmen durfte.<\/em><\/p>\n<p class=\"rtejustify\"><em>Und nat\u00fcrlich meiner deutschen Gastfamilie f\u00fcr diese zwei unvergesslichen Wochen. Eine bessere Gastfamilie kann man sich nicht w\u00fcnschen.<\/em><\/p>\n<p class=\"rtejustify\"><em>Liebe Gr\u00fc\u00dfe<\/em><\/p>\n<p class=\"rtejustify\"><em>von Peti aus Ungarn<\/em><\/p>\n<\/div>\n<\/div>\n<\/div>\n<\/div>\n<\/div>\n<\/div>\n<\/div>\n<\/div>\n<\/div>\n<\/div>\n<\/div>\n<\/div>\n<\/div>\n<\/div>\n<\/div>\n<\/div>\n<\/div>\n<\/div>\n<\/div>\n<\/div>\n<\/div>\n<\/div>\n","protected":false},"excerpt":{"rendered":"<p>Zwei ungarische Sch\u00fcler zu Gast in der Schule Finowfurt \u201eDie Schulwoche hat angefangen. Ich war aufgeregt, als wir die Treppen<\/p>\n","protected":false},"author":1,"featured_media":0,"parent":0,"menu_order":0,"comment_status":"closed","ping_status":"closed","template":"","meta":{"footnotes":""},"class_list":["post-1210","page","type-page","status-publish","hentry"],"_links":{"self":[{"href":"https:\/\/www.schule-finowfurt.de\/site\/index.php?rest_route=\/wp\/v2\/pages\/1210","targetHints":{"allow":["GET"]}}],"collection":[{"href":"https:\/\/www.schule-finowfurt.de\/site\/index.php?rest_route=\/wp\/v2\/pages"}],"about":[{"href":"https:\/\/www.schule-finowfurt.de\/site\/index.php?rest_route=\/wp\/v2\/types\/page"}],"author":[{"embeddable":true,"href":"https:\/\/www.schule-finowfurt.de\/site\/index.php?rest_route=\/wp\/v2\/users\/1"}],"replies":[{"embeddable":true,"href":"https:\/\/www.schule-finowfurt.de\/site\/index.php?rest_route=%2Fwp%2Fv2%2Fcomments&post=1210"}],"version-history":[{"count":1,"href":"https:\/\/www.schule-finowfurt.de\/site\/index.php?rest_route=\/wp\/v2\/pages\/1210\/revisions"}],"predecessor-version":[{"id":1212,"href":"https:\/\/www.schule-finowfurt.de\/site\/index.php?rest_route=\/wp\/v2\/pages\/1210\/revisions\/1212"}],"wp:attachment":[{"href":"https:\/\/www.schule-finowfurt.de\/site\/index.php?rest_route=%2Fwp%2Fv2%2Fmedia&parent=1210"}],"curies":[{"name":"wp","href":"https:\/\/api.w.org\/{rel}","templated":true}]}}

Internationale Treffen über das Erasmus+ Projekt hinaus

<div class="art-box art-sheet">
<div class="art-box-body art-sheet-body">
<div class="art-layout-wrapper">
<div class="art-content-layout">
<div class="art-content-layout-row">
<div class="art-layout-cell art-content">
<div class="region region-content">
<div class="region region-content">
<div id="block-system-main" class="block block-system">
<div id="node-226" class="node node-article node-promoted">
<div class="art-box art-post">
<div class="art-box-body art-post-body">
<div class="art-post-inner art-article">
<div class="art-postcontent">
<div class="field field-name-body field-type-text-with-summary field-label-hidden">
<div class="field-items">
<div class="field-item even">
<h4>Zwei ungarische Schüler zu Gast in der Schule Finowfurt</h4>
<p><img loading="lazy" decoding="async" class="alignnone wp-image-1211 size-large" src="https://www.schule-finowfurt.de/site/wp-content/uploads/2018/05/DSCN0691-2-1024x768.jpg" alt="" width="810" height="608" srcset="https://www.schule-finowfurt.de/site/wp-content/uploads/2018/05/DSCN0691-2.jpg 1024w, https://www.schule-finowfurt.de/site/wp-content/uploads/2018/05/DSCN0691-2-300x225.jpg 300w, https://www.schule-finowfurt.de/site/wp-content/uploads/2018/05/DSCN0691-2-768x576.jpg 768w, https://www.schule-finowfurt.de/site/wp-content/uploads/2018/05/DSCN0691-2-880x660.jpg 880w" sizes="auto, (max-width: 810px) 100vw, 810px" /></p>
<p class="rtejustify">„Die Schulwoche hat angefangen. Ich war aufgeregt, als wir die Treppen hinaufgingen und ich habe meinen Namen gehört: Peti!!“, so schildert Pèter Huj aus der ungarischen Partnerstadt  Dunaharaszti seine ersten Eindrücke. Und es war nicht sein erster Besuch in der Schule Finowfurt. Bereits im Oktober 2016 verbrachte er hier eine interessante Zeit im Rahmen des von der Europäischen Union geförderten Erasmus+ Projektes.</p>
<p class="rtejustify">Péter wohnte während des internationalen Schultreffens bei der Familie von Nico-Connor Schulze, Klasse 9b, und äußert sich folgendermaßen: „Diese Woche war für mich unvergesslich. Leider ist diese Woche sehr schnell verflogen, aber ich habe sehr viele Menschen kennengelernt, zum Beispiel meine geliebte deutsche Familie. Im Oktober haben sie gesagt, dass ich irgendwann wieder zu ihnen fahren kann. Der Kontakt ist nicht abgerissen, zu Weihnachten habe ich ein sehr großes Geschenk bekommen. Im April habe ich mit meiner ungarischen Mitschülerin Karina entschieden, dass wir 1000 prozentig nach Deutschland fahren. Zuerst war das nur eine Woche, aber Mandy (meine deutsche Gastmutter) hat gefragt, ob ich 2-3 Wochen bleiben möchte. Deshalb habe ich den ganzen Plan noch einmal geändert, und zum Schluss bin ich für zwei Wochen gefahren. Der Plan war, dass ich eine Woche die Schule besuche, eine Woche Urlaub mache. Wir haben die Flugtickets gekauft und wir mussten nur warten, dass die Zeit zwischen April und Juli vergeht. Es war wie eine Ewigkeit.“</p>
<p class="rtejustify">Einige Tage später erneuter Besuch aus Ungarn – diesmal reiste Karina Mercz an, denn auch sie war mit ihrer deutschen Gastfamilie verabredet. Gemeinsam mit Luke Rapsch, Klasse 9b, und seiner Familie verbrachte sie wiederum erlebnisreiche Tage in der Schorfheide.</p>
<p class="rtejustify">Zu dritt, gemeinsam mit Zoe Mehlfeld, ehemals Klasse 10a, wurde der Heimflug angetreten. Am Flughafen wartete Virág Szabó, das ungarische Gastkind von Zoe. Virág wiederum lud Zoe zum Gegenbesuch ein.<br />
Das Erasmus Projekt ist eine großartige Chance für Jugendliche und Erwachsene gleichermaßen, die Welt auf angenehme und schöne Weise erleben zu dürfen.</p>
<p class="rtejustify">(Der ausführliche Bericht von Péter Huj ist unter Projekte Erasmus 2016-2019 nachzulesen.)</p>
<p class="rtejustify">Marion Lange<br />
Koordinatorin<br />
Erasmus+ Projekt</p>
</div>
</div>
</div>
</div>
<div></div>
<div class="cleared"><em style="font-size: 1.125rem;"><strong>Zwei Wochen in Deutschland</strong></em></div>
</div>
</div>
</div>
</div>
</div>
</div>
</div>
</div>
</div>
</div>
</div>
<div class="art-footer">
<div class="art-footer-body">
<div class="art-footer-text">
<div class="art-box art-sheet">
<div class="art-box-body art-sheet-body">
<div class="art-layout-wrapper">
<div class="art-content-layout">
<div class="art-content-layout-row">
<div class="art-layout-cell art-content">
<div class="region region-content">
<div class="region region-content">
<div id="block-system-main" class="block block-system">
<div id="node-225" class="node node-page">
<div class="art-box art-post">
<div class="art-box-body art-post-body">
<div class="art-post-inner art-article">
<div class="art-postcontent">
<div class="field field-name-body field-type-text-with-summary field-label-hidden">
<div class="field-items">
<div class="field-item even">
<p class="rtejustify"><em>Im Oktober 2016 konnte ich wegen des Erasmus+ Projektes nach Deutschland fahren. Diese Woche war für mich unvergesslich. Leider ist diese Woche sehr schnell verflogen, aber ich habe sehr viele Menschen kennengelernt, zum Beispiel meine geliebte deutsche Familie. Im Oktober haben sie gesagt, dass ich irgendwann wieder zu ihnen fahren kann. Der Kontakt ist nicht abgerissen, zu Weihnachten habe ich ein sehr großes Geschenk bekommen. Im April habe ich mit meiner ungarischen Mitschülerin, Karina entschieden, dass wir 1000% nach Deutschland fahren. Zuerst war das nur 1 Woche, aber Mandy (meine deutsche Gastmutter) hat gefragt, ob ich 2-3 Wochen bleiben möchte. Deshalb habe ich den ganzen Plan noch einmal geändert, und zum Schluss bin ich für 2 Wochen gefahren.</em></p>
<p class="rtejustify"><em>Der Plan war, dass ich eine Woche die Schule besuche, eine Woche Urlaub mache. Wir haben die Flugtickets gekauft. und wir mussten nur warten , dass die Zeit zwischen April und Juli vergeht. Es war wie eine Ewigkeit. Am 8. Juli ist das Flugzeug abgeflogen. Ich war sehr aufgeregt. ob das wirklich gut wird?! Natürlich habe ich mich nicht getäuscht. Ich bin auf Tegel um  8 Uhr gut angekommen. Es ist da ein kleines Malheur passiert, nämlich bin ich im Terminal A angekommen und Mandy und Nico haben im Terminal C auf mich gewartet. Natürlich haben sie mich gefunden, aber es gab ein bisschen Aufregung zu Beginn.</em></p>
<p class="rtejustify"><em>Die Schulwoche hat angefangen. Ich war aufgeregt, als wir die Treppen hinaufgingen und ich habe meinen Namen gehört: Peti!! Die erste Stunde war Mathe, wir haben mit einem Mathetest begonnen. Ich habe später erfahren, meiner war fehlerfrei.  Am nächsten Tag bin ich mit Zoe nach Berlin für ein bisschen Shopping gefahren. Wir haben viel Geld ausgegeben. Das war ein toller Tag mit Zoe in Berlin, wir haben viel gelacht, und uns sehr viel unterhalten.  Am Abend sind wir zu Hause angekommen. Am nächsten Tag  bin ich natürlich wieder in die Schule gegangen. In der Schule war jeder sehr nett und hilfsbereit. Meine Deutschkenntnisse haben sich sehr entwickelt. Deswegen freue ich mich sehr. In dieser Woche war ich mit meiner Familie im Eberswalder Zoo und mit Nico und Michel im Schwimmbad. Amelie war sehr oft bei uns dann haben wir sehr-sehr viele gelacht und viele blöde Dinge gemacht. Mehrmals haben wir mit Nico eine Fahrradtour gemacht. Leider ist die erste Woche schnell vergangen. In der zweiten Woche waren wir nur 3 Tage in der Schule. Zoe hat mich zu ihrer Zeugnisübergabe eingeladen, das war sehr süß und nett von ihr. Vor dem letzen Tag der Schule waren wir mit den 3 achten Klassen Kanufahren. Das hat mir sehr gefallen. An diesem Tag ist Karina auch angekommen. Leider war damit die Schule zu Ende. Natürlich habe ich wieder sehr viele Freunde kennengelernt.</em></p>
<p class="rtejustify"><em>Mit Karina bin ich wieder nach Berlin für eine Stadtbesichtigung gefahren. Die öffentlichen Verkehrsmittel von Berlin sind ganz anders als in Budapest, es ist komplizierter, aber wir haben uns in Berlin gut gefühlt und wir haben sehr viele Fotos gemacht. In dieser Woche waren wir sehr oft im Kanal von Finowfurt baden. Früher hätte ich so etwas nicht gemacht, dass ich in einem Fluss gebadet hätte, aber das war wirklich toll. Luke’s Eltern haben eine Grillparty organisiert, das hat sehr gut geklappt. Ich habe Brownies gebacken, es war sehr erfolgreich. Vor dem letzten Tag sind wir zur Nordsee gefahren. Obwohl das Wasser sehr kalt war, habe ich viel gebadet und ich habe auch einen Sonnenbrand bekommen (Ich weiß nicht, wie ich das machen konnte). Leider ist der letzte Tag angekommen. Diesen Tag habe ich mit meiner Familie zu Hause verbracht. Zum Schluss habe ich wieder Palacsinta (Eierkuchen) gemacht, was jedem sehr geschmeckt hat. Am Abend musste ich leider abfahren. Es ist passiert, der traurige und schwere Abschied. Unser Flugzeug hatte eine Stunde Verspätung, deshalb sind wir um Mitternacht zu Hause angekommen. Zoe ist auch mitgekommen, weil sie eine Woche bei Virág verbracht hat.</em></p>
<p class="rtejustify"><em>Zum Schluss möchte ich Danke sagen</em></p>
<p class="rtejustify"><em>für Amelie und Annie, denn sie waren, mit denen ich die meiste Zeit verbracht habe und sie haben mir in der Schule sehr-sehr viel geholfen.</em></p>
<p class="rtejustify"><em>für Herrn Falk, weil ich seine Klasse besuchen durfte,</em></p>
<p class="rtejustify"><em>für Frau Kosanke, da ich diese Schule besuchen durfte,</em></p>
<p class="rtejustify"><em>für Frau Lange, da ich am Erasmus+ Projekt teilnehmen durfte.</em></p>
<p class="rtejustify"><em>Und natürlich meiner deutschen Gastfamilie für diese zwei unvergesslichen Wochen. Eine bessere Gastfamilie kann man sich nicht wünschen.</em></p>
<p class="rtejustify"><em>Liebe Grüße</em></p>
<p class="rtejustify"><em>von Peti aus Ungarn</em></p>
</div>
</div>
</div>
</div>
</div>
</div>
</div>
</div>
</div>
</div>
</div>
</div>
</div>
</div>
</div>
</div>
</div>
</div>
</div>
</div>
</div>
</div>

<p>Zwei ungarische Schüler zu Gast in der Schule Finowfurt „Die Schulwoche hat angefangen. Ich war aufgeregt, als wir die Treppen</p>
