{"id":1217,"date":"2018-05-31T23:03:12","date_gmt":"2018-05-31T21:03:12","guid":{"rendered":"http:\/\/www.schule-finowfurt.de\/site\/?page_id=1217"},"modified":"2018-05-31T23:08:02","modified_gmt":"2018-05-31T21:08:02","slug":"3-internationales-erasmus-treffen-in-ungarn-2017","status":"publish","type":"page","link":"https:\/\/www.schule-finowfurt.de\/site\/?page_id=1217","title":{"rendered":"3. Internationales Erasmus+ Treffen in Ungarn 2017"},"content":{"rendered":"<h4><strong>Erasmus+ Fahrt der Schule Finowfurt &#8211; \u201eIch durfte dabei sein!\u201c-<\/strong><\/h4>\n<p><img loading=\"lazy\" decoding=\"async\" class=\"alignnone wp-image-1218 size-large\" src=\"https:\/\/www.schule-finowfurt.de\/site\/wp-content\/uploads\/2018\/05\/DSCN0202-1024x768.jpg\" alt=\"\" width=\"810\" height=\"608\" srcset=\"https:\/\/www.schule-finowfurt.de\/site\/wp-content\/uploads\/2018\/05\/DSCN0202.jpg 1024w, https:\/\/www.schule-finowfurt.de\/site\/wp-content\/uploads\/2018\/05\/DSCN0202-300x225.jpg 300w, https:\/\/www.schule-finowfurt.de\/site\/wp-content\/uploads\/2018\/05\/DSCN0202-768x576.jpg 768w, https:\/\/www.schule-finowfurt.de\/site\/wp-content\/uploads\/2018\/05\/DSCN0202-880x660.jpg 880w\" sizes=\"auto, (max-width: 810px) 100vw, 810px\" \/><\/p>\n<p class=\"rtejustify\">Am 08.10.2017 ging es f\u00fcr f\u00fcnf Sch\u00fcler und drei Lehrer nach Dunaharaszti\/Ungarn. Das von der EU gef\u00f6rderte Erasmus+ Projekt hat uns die M\u00f6glichkeit gegeben, nach Ungarn zu fahren. Ich war sehr aufgeregt, da ich das erste Mal in einer Gastfamilie geschlafen habe. Doch die Aufregung war schnell weg, als ich auf meine Gastfamilie traf, da sie sehr freundlich war. An dem Projekt nehmen insgesamt sechs L\u00e4nder teil. Die Niederlande, Spanien, Griechenland, T\u00fcrkei, Ungarn und Deutschland.<\/p>\n<p class=\"rtejustify\">Am Montag durften wir mit in den Unterricht unserer Gastkinder. Es war sehr komisch in einem Unterricht zu sitzen, wo nur ungarisch gesprochen wurde. Aber es war nicht schlimm, da mir mein Gastkind immer erz\u00e4hlt hat, was sie jetzt machen m\u00fcssen. Am Abend war dann auch schon die Er\u00f6ffnungsfeier, wo die einzelnen L\u00e4nder ihre Aufgabe pr\u00e4sentierten. Unsere Aufgabe war es ein Video zu drehen, wo wir unsere Traumschule vorstellen. Jedes Land hat sehenswerte Videos gedreht.<\/p>\n<p class=\"rtejustify\">Am Dienstag sind wir dann in die sch\u00f6ne Hauptstadt Budapest gefahren. Ich war sehr fasziniert, wie sch\u00f6n diese Stadt \u00fcberhaupt ist. Sie ist sehr sauber mit sehr sch\u00f6nen Sehensw\u00fcrdigkeiten, z.B. dem Heldenplatz und der Martins-Kirche. Wir hatten auch das Gl\u00fcck, dass die ganze Woche \u00fcber sehr sch\u00f6nes Wetter war. Am Mittwoch waren wir wieder in der Schule und nahmen an Workshops teil. Wir mussten zum Beispiel einen Stummfilm synchronisieren. Am Abend fuhr ich mit meiner Gastfamilie nochmal nach Budapest, wo wir uns den sehr sch\u00f6nen Brunnen angeguckt haben. Das Sch\u00f6ne an dem war, dass der Brunnen zum Beispiel um 19 Uhr Wasserspiele mit Musik inszeniert wurde.<\/p>\n<p class=\"rtejustify\">Am Donnerstag fuhren wir nach Visegrad, ungef\u00e4hr zwei Stunden Busfahrt von Dunaharszti entfernt. Dort sahen wir sehr sch\u00f6ne Burgen das Donauknie. Es hei\u00dft so, da es die Form eines Knies hat. Danach fuhren wir in ein kleines Dorf, in welchem wir Souvenirs einkaufen konnten.<\/p>\n<p class=\"rtejustify\">Der Freitag war dann auch schon der letzte Tag in Ungarn. Wir fuhren zu einer Reitvorf\u00fchrung. Es war sehr sch\u00f6n mit anzusehen, wie Mensch und Pferd zusammen gearbeitet haben. Am Abend war dann auch schon die Abschiedsfeier. Es war ein sehr toller Abend mit den ganzen Jugendlichen aus den anderen L\u00e4ndern. Wir haben Erinnerungsfotos gemacht, getanzt und erz\u00e4hlt. Es fiel mir sehr schwer, mich von den anderen Sch\u00fclern zu verabschieden,\u00a0 da sie mir schon so ins Herz gewachsen sind.<\/p>\n<p class=\"rtejustify\">Am Samstag war dann auch schon die Heimreise. Wir mussten uns von unseren Gastfamilien verabschieden, was uns allen sehr schwer fiel. Es war eine sehr tolle Erfahrung und ich w\u00fcrde sie auch jedem empfehlen bei so einem Projekt mitzumachen.\u00a0 Ich m\u00f6chte mich bei den Familien, Lehrern und diesem Projekt bedanken, die uns diese tolle M\u00f6glichkeit erm\u00f6glicht haben.<\/p>\n<p><em>Karina Bielicke<br \/>\nKlasse 10<br \/>\nSchule Finowfurt<\/em><\/p>\n<p class=\"rtecenter\"><strong>Erasmus+ Fahrt zur Partnerschule nach Ungarn<br \/>\n&#8211; Schule Finowfurt Teil eines EU Projektes &#8211;<\/strong><\/p>\n<p class=\"rtejustify\">Erasmus+ ist ein Projekt, mit welchem man die einzigartige Gelegenheit hat, fremde Sch\u00fcler, Lehrer, Lebensweisen und Kulturen kennenzulernen. Dies war jetzt das dritte Zusammentreffen mit den anderen f\u00fcnf teilnehmenden Partnerl\u00e4ndern. Das Thema des von der EU gef\u00f6rderten Projektes lautet: Education \u2013 the key for your future! F\u00fcr acht Tage fuhren wir im Oktober 2017 nach Dunaharaszti, nahe Budapest.<\/p>\n<p class=\"rtejustify\">Ich hatte das Gl\u00fcck, eine der f\u00fcnf auserw\u00e4hlten Sch\u00fcler der Schule Finowfurt sein zu d\u00fcrfen. Mit mir waren noch Karina Bielicke, Nikola Golombek, Luke Rapsch und Nico Schulze dabei.<\/p>\n<p class=\"rtejustify\">Ich bewarb mich f\u00fcr diese einmalige Reise, weil ich eine unvergessliche Woche schon in Deutschland erleben durfte. Das erste Treffen mit den Delegationen aus Ungarn, T\u00fcrkei, Niederlande, Spanien und Griechenland fand im Oktober 2016 in der Schule Finowfurt statt. Ich hatte ein M\u00e4dchen aus Spanien zu Gast. Nach dieser Woche wollte ich auch die Erfahrungen machen in einem anderen Land zu sein, bei einer fremden Familie.<\/p>\n<p class=\"rtejustify\">Am Abend vor der Abreise packte mich die Vorfreude, aber auch die Angst. Angst davor, von meiner Gastfamilie nicht gemocht zu werden, was sich aber komplett anders herausstellte, denn die Ungaren sind sehr gastfreundlich und herzlich. \u00dcberall, wo ich hinkam, wurde ich mit Offenheit begr\u00fc\u00dft. Diese Offenheit gab mir Sicherheit in der Woche, dadurch f\u00fchlte ich mich die ganze Woche sehr gut und es machte viel Freude.<\/p>\n<p class=\"rtejustify\">Am Er\u00f6ffnungsabend wurden verschiedene Videos \u00fcber das Thema \u201eTraumschule\u201c gezeigt, die die Schulen als Hausaufgabe drehten.<\/p>\n<p class=\"rtejustify\">In den Workshops am Montag und Mittwoch wurde ich in den Klassenverband meiner ungarischen Gastsch\u00fclerin aufgenommen und wir arbeiteten viel zusammen. Insgesamt waren wir f\u00fcnf Sch\u00fcler der Schule Finowfurt mit viel Elan und Anstrengung dabei. Wir haben in Ungarn die Schule und an sich Deutschland sehr gut vertreten mit besonders gutem Verhalten.<\/p>\n<p class=\"rtejustify\">In meiner Erinnerung sind mir am meisten der Tag in Budapest geblieben und die Abschlussfeier am Freitag. In Budapest lernten wir uns alle noch besser kennen und dort waren so viele Sehensw\u00fcrdigkeiten, wie zum Beispiel der Heldenplatz. Bei der Abschlussfeier blieben mir die vielen Verabschiedungen im Kopf. Wie wichtig man sich innerhalb von wenigen Tagen werden kann. Was f\u00fcr feste Freundschaften entstehen, auch wenn man in verschiedenen L\u00e4ndern wohnt.<\/p>\n<p class=\"rtejustify\">Am Samstag war dann leider unsere Abreise. Wir trafen uns um 07.30 Uhr und da f\u00fchlte ich Trauer und Leere. Die Woche war vorbei, aber ich wusste, ich werde niemals diese Reise vergessen und die Freundschaften mit den M\u00e4dchen aus Ungarn werden l\u00e4nger bestehen bleiben. Jetzt steht schon der erste Termin f\u00fcr ein Wiedersehen.<\/p>\n<p class=\"rtejustify\">Ich danke den Sch\u00fclern, Lehrern und Eltern, die diese unglaubliche Woche erm\u00f6glicht haben.<\/p>\n<p class=\"rtejustify\"><em>Annsophie Roggow<br \/>\nKlasse 10<br \/>\nSchule Finowfurt<\/em><\/p>\n<div class=\"rl-gallery-container rl-loading\" id=\"rl-gallery-container-1\" data-gallery_id=\"1220\"> <div class=\"rl-gallery rl-basicgrid-gallery \" id=\"rl-gallery-1\" data-gallery_no=\"1\"> <div class=\"rl-gallery-item\"><a href=\"https:\/\/www.schule-finowfurt.de\/site\/wp-content\/uploads\/2018\/05\/DSCN0090.jpg\" title=\"\" data-rl_title=\"\" class=\"rl-gallery-link\" data-rl_caption=\"\" data-rel=\"lightbox-gallery-1\"><img loading=\"lazy\" decoding=\"async\" src=\"https:\/\/www.schule-finowfurt.de\/site\/wp-content\/uploads\/2018\/05\/DSCN0090-300x225.jpg\" width=\"300\" height=\"225\" alt=\"\" \/><\/a><\/div><div class=\"rl-gallery-item\"><a href=\"https:\/\/www.schule-finowfurt.de\/site\/wp-content\/uploads\/2018\/05\/DSCN0136.jpg\" title=\"\" data-rl_title=\"\" class=\"rl-gallery-link\" data-rl_caption=\"\" data-rel=\"lightbox-gallery-1\"><img loading=\"lazy\" decoding=\"async\" src=\"https:\/\/www.schule-finowfurt.de\/site\/wp-content\/uploads\/2018\/05\/DSCN0136-300x225.jpg\" width=\"300\" height=\"225\" alt=\"\" \/><\/a><\/div><div class=\"rl-gallery-item\"><a href=\"https:\/\/www.schule-finowfurt.de\/site\/wp-content\/uploads\/2018\/05\/DSCN0137.jpg\" title=\"\" data-rl_title=\"\" class=\"rl-gallery-link\" data-rl_caption=\"\" data-rel=\"lightbox-gallery-1\"><img loading=\"lazy\" decoding=\"async\" src=\"https:\/\/www.schule-finowfurt.de\/site\/wp-content\/uploads\/2018\/05\/DSCN0137-300x225.jpg\" width=\"300\" height=\"225\" alt=\"\" \/><\/a><\/div><div class=\"rl-gallery-item\"><a href=\"https:\/\/www.schule-finowfurt.de\/site\/wp-content\/uploads\/2018\/05\/DSCN0158.jpg\" title=\"\" data-rl_title=\"\" class=\"rl-gallery-link\" data-rl_caption=\"\" data-rel=\"lightbox-gallery-1\"><img loading=\"lazy\" decoding=\"async\" src=\"https:\/\/www.schule-finowfurt.de\/site\/wp-content\/uploads\/2018\/05\/DSCN0158-300x225.jpg\" width=\"300\" height=\"225\" alt=\"\" \/><\/a><\/div><div class=\"rl-gallery-item\"><a href=\"https:\/\/www.schule-finowfurt.de\/site\/wp-content\/uploads\/2018\/05\/DSCN0161.jpg\" title=\"\" data-rl_title=\"\" class=\"rl-gallery-link\" data-rl_caption=\"\" data-rel=\"lightbox-gallery-1\"><img loading=\"lazy\" decoding=\"async\" src=\"https:\/\/www.schule-finowfurt.de\/site\/wp-content\/uploads\/2018\/05\/DSCN0161-300x225.jpg\" width=\"300\" height=\"225\" alt=\"\" \/><\/a><\/div><div class=\"rl-gallery-item\"><a href=\"https:\/\/www.schule-finowfurt.de\/site\/wp-content\/uploads\/2018\/05\/DSCN0180.jpg\" title=\"\" data-rl_title=\"\" class=\"rl-gallery-link\" data-rl_caption=\"\" data-rel=\"lightbox-gallery-1\"><img loading=\"lazy\" decoding=\"async\" src=\"https:\/\/www.schule-finowfurt.de\/site\/wp-content\/uploads\/2018\/05\/DSCN0180-300x225.jpg\" width=\"300\" height=\"225\" alt=\"\" \/><\/a><\/div><div class=\"rl-gallery-item\"><a href=\"https:\/\/www.schule-finowfurt.de\/site\/wp-content\/uploads\/2018\/05\/DSCN0202-1.jpg\" title=\"\" data-rl_title=\"\" class=\"rl-gallery-link\" data-rl_caption=\"\" data-rel=\"lightbox-gallery-1\"><img loading=\"lazy\" decoding=\"async\" src=\"https:\/\/www.schule-finowfurt.de\/site\/wp-content\/uploads\/2018\/05\/DSCN0202-1-300x225.jpg\" width=\"300\" height=\"225\" alt=\"\" \/><\/a><\/div><div class=\"rl-gallery-item\"><a href=\"https:\/\/www.schule-finowfurt.de\/site\/wp-content\/uploads\/2018\/05\/DSCN0262.jpg\" title=\"\" data-rl_title=\"\" class=\"rl-gallery-link\" data-rl_caption=\"\" data-rel=\"lightbox-gallery-1\"><img loading=\"lazy\" decoding=\"async\" src=\"https:\/\/www.schule-finowfurt.de\/site\/wp-content\/uploads\/2018\/05\/DSCN0262-300x225.jpg\" width=\"300\" height=\"225\" alt=\"\" \/><\/a><\/div><div class=\"rl-gallery-item\"><a href=\"https:\/\/www.schule-finowfurt.de\/site\/wp-content\/uploads\/2018\/05\/IMG_4366.jpg\" title=\"\" data-rl_title=\"\" class=\"rl-gallery-link\" data-rl_caption=\"\" data-rel=\"lightbox-gallery-1\"><img loading=\"lazy\" decoding=\"async\" src=\"https:\/\/www.schule-finowfurt.de\/site\/wp-content\/uploads\/2018\/05\/IMG_4366-300x225.jpg\" width=\"300\" height=\"225\" alt=\"\" \/><\/a><\/div><div class=\"rl-gallery-item\"><a href=\"https:\/\/www.schule-finowfurt.de\/site\/wp-content\/uploads\/2018\/05\/IMG_4398.jpg\" title=\"\" data-rl_title=\"\" class=\"rl-gallery-link\" data-rl_caption=\"\" data-rel=\"lightbox-gallery-1\"><img loading=\"lazy\" decoding=\"async\" src=\"https:\/\/www.schule-finowfurt.de\/site\/wp-content\/uploads\/2018\/05\/IMG_4398-300x225.jpg\" width=\"300\" height=\"225\" alt=\"\" \/><\/a><\/div><div class=\"rl-gallery-item\"><a href=\"https:\/\/www.schule-finowfurt.de\/site\/wp-content\/uploads\/2018\/05\/IMG_4536.jpg\" title=\"\" data-rl_title=\"\" class=\"rl-gallery-link\" data-rl_caption=\"\" data-rel=\"lightbox-gallery-1\"><img loading=\"lazy\" decoding=\"async\" src=\"https:\/\/www.schule-finowfurt.de\/site\/wp-content\/uploads\/2018\/05\/IMG_4536-300x225.jpg\" width=\"300\" height=\"225\" alt=\"\" \/><\/a><\/div><div class=\"rl-gallery-item\"><a href=\"https:\/\/www.schule-finowfurt.de\/site\/wp-content\/uploads\/2018\/05\/IMG_4598.jpg\" title=\"\" data-rl_title=\"\" class=\"rl-gallery-link\" data-rl_caption=\"\" data-rel=\"lightbox-gallery-1\"><img loading=\"lazy\" decoding=\"async\" src=\"https:\/\/www.schule-finowfurt.de\/site\/wp-content\/uploads\/2018\/05\/IMG_4598-225x300.jpg\" width=\"225\" height=\"300\" alt=\"\" \/><\/a><\/div><div class=\"rl-gallery-item\"><a href=\"https:\/\/www.schule-finowfurt.de\/site\/wp-content\/uploads\/2018\/05\/IMG_4814.jpg\" title=\"\" data-rl_title=\"\" class=\"rl-gallery-link\" data-rl_caption=\"\" data-rel=\"lightbox-gallery-1\"><img loading=\"lazy\" decoding=\"async\" src=\"https:\/\/www.schule-finowfurt.de\/site\/wp-content\/uploads\/2018\/05\/IMG_4814-300x225.jpg\" width=\"300\" height=\"225\" alt=\"\" \/><\/a><\/div><div class=\"rl-gallery-item\"><a href=\"https:\/\/www.schule-finowfurt.de\/site\/wp-content\/uploads\/2018\/05\/IMG-5770.jpg\" title=\"\" data-rl_title=\"\" class=\"rl-gallery-link\" data-rl_caption=\"\" data-rel=\"lightbox-gallery-1\"><img loading=\"lazy\" decoding=\"async\" src=\"https:\/\/www.schule-finowfurt.de\/site\/wp-content\/uploads\/2018\/05\/IMG-5770-300x224.jpg\" width=\"300\" height=\"224\" alt=\"\" \/><\/a><\/div> <\/div> <\/div>\n","protected":false},"excerpt":{"rendered":"<p>Erasmus+ Fahrt der Schule Finowfurt &#8211; \u201eIch durfte dabei sein!\u201c- Am 08.10.2017 ging es f\u00fcr f\u00fcnf Sch\u00fcler und drei Lehrer<\/p>\n","protected":false},"author":1,"featured_media":0,"parent":0,"menu_order":0,"comment_status":"closed","ping_status":"closed","template":"","meta":{"footnotes":""},"class_list":["post-1217","page","type-page","status-publish","hentry"],"_links":{"self":[{"href":"https:\/\/www.schule-finowfurt.de\/site\/index.php?rest_route=\/wp\/v2\/pages\/1217","targetHints":{"allow":["GET"]}}],"collection":[{"href":"https:\/\/www.schule-finowfurt.de\/site\/index.php?rest_route=\/wp\/v2\/pages"}],"about":[{"href":"https:\/\/www.schule-finowfurt.de\/site\/index.php?rest_route=\/wp\/v2\/types\/page"}],"author":[{"embeddable":true,"href":"https:\/\/www.schule-finowfurt.de\/site\/index.php?rest_route=\/wp\/v2\/users\/1"}],"replies":[{"embeddable":true,"href":"https:\/\/www.schule-finowfurt.de\/site\/index.php?rest_route=%2Fwp%2Fv2%2Fcomments&post=1217"}],"version-history":[{"count":2,"href":"https:\/\/www.schule-finowfurt.de\/site\/index.php?rest_route=\/wp\/v2\/pages\/1217\/revisions"}],"predecessor-version":[{"id":1235,"href":"https:\/\/www.schule-finowfurt.de\/site\/index.php?rest_route=\/wp\/v2\/pages\/1217\/revisions\/1235"}],"wp:attachment":[{"href":"https:\/\/www.schule-finowfurt.de\/site\/index.php?rest_route=%2Fwp%2Fv2%2Fmedia&parent=1217"}],"curies":[{"name":"wp","href":"https:\/\/api.w.org\/{rel}","templated":true}]}}