{"id":1458,"date":"2018-05-31T23:48:31","date_gmt":"2018-05-31T21:48:31","guid":{"rendered":"http:\/\/www.schule-finowfurt.de\/site\/?page_id=1458"},"modified":"2019-03-04T22:00:41","modified_gmt":"2019-03-04T21:00:41","slug":"schneesport-projekt","status":"publish","type":"page","link":"https:\/\/www.schule-finowfurt.de\/site\/?page_id=1458","title":{"rendered":"Schneesport-Projekt 2019"},"content":{"rendered":"<p>Allj\u00e4hrlich machten sich 18 mutige Sch\u00fcler und Sch\u00fclerinnen auf den Weg in Richtung S\u00fcdtirol nach St. Johan Gisse. Schon im Vorfeld wurde viel ger\u00e4tselt, ob die Reise ohne Probleme erfolgen sollte, da Bayern und \u00d6sterreich in tiefen Schneemassen versunken waren. Allerdings blieben alle Sorgen unberechtigt. Die Fahrt verlief reibungslos und ohne Komplikationen. Als wir nach knapp 12 Stunden Fahrt den Brennerpass verlie\u00dfen staunten wir zum Teil nicht schlecht. Von all dem Schneechaos blieb S\u00fcdtirol v\u00f6llig verschont. Fast ein bisschen wehm\u00fctig betrachten wir den kaum vorhandenen Schnee. Als wir doch in unserem Quartier ankamen, lie\u00dfen erste Schneeflocken die Gem\u00fcter positiv beschwingen. Zudem war die Vorfreude auf die Piste bei allen riesig. Am n\u00e4chsten Morgen wurden wir mit sehr viel Schnee begr\u00fc\u00dft. Dies lud hin und wieder zu dem ein oder anderen Schneeballwurf ein. Nachdem alle Jugendlichen und Lehrer mit passendem Equipment ausger\u00fcstet waren ging es zur Skiworld Klausberg. Wie jedes Jahr begannen alle auch die Fortgeschrittenen am \u00dcbungsh\u00fcgel \u201eKlausiland\u201c. Dort wurden Sicherheitshinweise, Pr\u00e4ventions\u00fcbungen, Skigymnastik und erste Grundtechn\u00edken vermittelt. In Tandemteams unterst\u00fctzten die Profis die Skineulinge in ihren ersten ,,Gehversuchen\u2018\u2018. Nach einem z\u00fcnftigen Mittagessen nach traditioneller S\u00fcdtiroler Art wurden die Gruppen in Lernstufen eingeteilt. Herr Ernst, Leiter und langj\u00e4hriger Skilehrer des Schneeprojektes, feilte haupts\u00e4chlich mit den Skineulingen an Technik und Balance. Zudem unterst\u00fctzte er jederzeit mit motivierenden und aufbauenden Worten. Herr Wolfart und Herr Joseph ebenfalls erfahrene Skilehrer und begeisterte Abfahrts\u00e4ufer, sowohl schulisch als auch privat, betreuten die Fortgeschrittenen. Es ging kreuz und quer durch das Gebiet vom H\u00fchnerspiel \u00fcber den Almboden zur Sonnenalm und bis fast ganz hinauf auf den Berg bis zum K1 (1850m). In den folgenden Tagen wurden die Gruppen neu aufgeteilt, auf technische Feinheiten geachtet, viel gefeilt aber vor allem viel gelacht. Die einen oder anderen mutigen versuchten sich in den Funparks \u201eDinoland und Funtaklaus\u201c. Mit gewagten Spr\u00fcngen oder Balanceakten auf kleinen Brettern oder Rohren wurde auch so manche Schwerkraft \u00fcberwunden. Mit viel Flei\u00df, Schwei\u00df und ganz viel Motivation standen auch die Neulinge am dritten Tag schon sicher auf den Skiern. Gemeinsam konnten nun fast alle Pisten befahren werden. Traditionell fuhren wir am Mittwoch gemeinsam zum Bergefest auf den K2 und erklommen gemeinsam die Bergspitze bei 2600 Metern. Nach tollen Panoramafotos und der einen oder anderen Rutschpartie ging es dann individuell in Kleingruppen durch das Gebiet. Bei einem warmen Kakao oder hei\u00dfen Zitrone wurden die Kr\u00e4fte und kalten Nasen wieder aufgew\u00e4rmt. Am letzten Skitag ging es f\u00fcr viele als Highlight nochmal auf den Snowcoaster \u2013 dort konnte nochmals \u00fcbersch\u00fcssiges Adrenalin abgebaut werden. Nach einer gemeinsamen Talabfahrt endete unser Skischneeprojekt am Klausberg. Mit einem weinenden und einem lachenden Gesicht lie\u00dfen wir die Skiworld hinter uns. Weinend weil wir nicht mehr Ski fahren konnten und uns das Kaiserwetter eigentlich nicht gehen lassen wollte und lachend, weil wir wussten: So wie jedes Jahr 2020 sind wir wieder da \u2013 An unserem Klausberg!!!<\/p>\n<div class=\"rl-gallery-container rl-loading\" id=\"rl-gallery-container-1\" data-gallery_id=\"1985\"> <div class=\"rl-gallery rl-basicgrid-gallery \" id=\"rl-gallery-1\" data-gallery_no=\"1\"> <div class=\"rl-gallery-item\"><a href=\"https:\/\/www.schule-finowfurt.de\/site\/wp-content\/uploads\/2019\/03\/00EE9E6E-B697-4687-A005-BBBADE639171.jpeg\" title=\"\" data-rl_title=\"\" class=\"rl-gallery-link\" data-rl_caption=\"\" data-rel=\"lightbox-gallery-1\"><img loading=\"lazy\" decoding=\"async\" src=\"https:\/\/www.schule-finowfurt.de\/site\/wp-content\/uploads\/2019\/03\/00EE9E6E-B697-4687-A005-BBBADE639171-300x225.jpeg\" width=\"300\" height=\"225\" alt=\"\" \/><\/a><\/div><div class=\"rl-gallery-item\"><a href=\"https:\/\/www.schule-finowfurt.de\/site\/wp-content\/uploads\/2019\/03\/4A2B8B3D-0D2C-4FBC-AFB3-BE28E6374A5F.jpeg\" title=\"\" data-rl_title=\"\" class=\"rl-gallery-link\" data-rl_caption=\"\" data-rel=\"lightbox-gallery-1\"><img loading=\"lazy\" decoding=\"async\" src=\"https:\/\/www.schule-finowfurt.de\/site\/wp-content\/uploads\/2019\/03\/4A2B8B3D-0D2C-4FBC-AFB3-BE28E6374A5F-169x300.jpeg\" width=\"169\" height=\"300\" alt=\"\" \/><\/a><\/div><div class=\"rl-gallery-item\"><a href=\"https:\/\/www.schule-finowfurt.de\/site\/wp-content\/uploads\/2019\/03\/8C08323F-0131-4BB3-8D11-B8E78759BB82.jpeg\" title=\"\" data-rl_title=\"\" class=\"rl-gallery-link\" data-rl_caption=\"\" data-rel=\"lightbox-gallery-1\"><img loading=\"lazy\" decoding=\"async\" src=\"https:\/\/www.schule-finowfurt.de\/site\/wp-content\/uploads\/2019\/03\/8C08323F-0131-4BB3-8D11-B8E78759BB82-300x225.jpeg\" width=\"300\" height=\"225\" alt=\"\" \/><\/a><\/div><div class=\"rl-gallery-item\"><a href=\"https:\/\/www.schule-finowfurt.de\/site\/wp-content\/uploads\/2019\/03\/45A94ADD-AD91-4AB5-8D3A-0A395D1CD096.jpeg\" title=\"\" data-rl_title=\"\" class=\"rl-gallery-link\" data-rl_caption=\"\" data-rel=\"lightbox-gallery-1\"><img loading=\"lazy\" decoding=\"async\" src=\"https:\/\/www.schule-finowfurt.de\/site\/wp-content\/uploads\/2019\/03\/45A94ADD-AD91-4AB5-8D3A-0A395D1CD096-300x225.jpeg\" width=\"300\" height=\"225\" alt=\"\" \/><\/a><\/div><div class=\"rl-gallery-item\"><a href=\"https:\/\/www.schule-finowfurt.de\/site\/wp-content\/uploads\/2019\/03\/58B85FB3-6570-4817-A273-BD1EC8F1A4EE.jpeg\" title=\"\" data-rl_title=\"\" class=\"rl-gallery-link\" data-rl_caption=\"\" data-rel=\"lightbox-gallery-1\"><img loading=\"lazy\" decoding=\"async\" src=\"https:\/\/www.schule-finowfurt.de\/site\/wp-content\/uploads\/2019\/03\/58B85FB3-6570-4817-A273-BD1EC8F1A4EE-225x300.jpeg\" width=\"225\" height=\"300\" alt=\"\" \/><\/a><\/div><div class=\"rl-gallery-item\"><a href=\"https:\/\/www.schule-finowfurt.de\/site\/wp-content\/uploads\/2019\/03\/61D14762-A0EB-4D49-A073-ED76D4C39323.jpeg\" title=\"\" data-rl_title=\"\" class=\"rl-gallery-link\" data-rl_caption=\"\" data-rel=\"lightbox-gallery-1\"><img loading=\"lazy\" decoding=\"async\" src=\"https:\/\/www.schule-finowfurt.de\/site\/wp-content\/uploads\/2019\/03\/61D14762-A0EB-4D49-A073-ED76D4C39323-300x225.jpeg\" width=\"300\" height=\"225\" alt=\"\" \/><\/a><\/div><div class=\"rl-gallery-item\"><a href=\"https:\/\/www.schule-finowfurt.de\/site\/wp-content\/uploads\/2019\/03\/063BFF30-D84A-4145-AF5C-05F27CCA9B3A.png\" title=\"\" data-rl_title=\"\" class=\"rl-gallery-link\" data-rl_caption=\"\" data-rel=\"lightbox-gallery-1\"><img loading=\"lazy\" decoding=\"async\" src=\"https:\/\/www.schule-finowfurt.de\/site\/wp-content\/uploads\/2019\/03\/063BFF30-D84A-4145-AF5C-05F27CCA9B3A-300x158.png\" width=\"300\" height=\"158\" alt=\"\" \/><\/a><\/div><div class=\"rl-gallery-item\"><a href=\"https:\/\/www.schule-finowfurt.de\/site\/wp-content\/uploads\/2019\/03\/731F162D-2825-4FF4-8BB2-4148C845DE28.jpeg\" title=\"\" data-rl_title=\"\" class=\"rl-gallery-link\" data-rl_caption=\"\" data-rel=\"lightbox-gallery-1\"><img loading=\"lazy\" decoding=\"async\" src=\"https:\/\/www.schule-finowfurt.de\/site\/wp-content\/uploads\/2019\/03\/731F162D-2825-4FF4-8BB2-4148C845DE28-169x300.jpeg\" width=\"169\" height=\"300\" alt=\"\" \/><\/a><\/div><div class=\"rl-gallery-item\"><a href=\"https:\/\/www.schule-finowfurt.de\/site\/wp-content\/uploads\/2019\/03\/909CF48D-C638-40DA-9286-2B3076658117.jpeg\" title=\"\" data-rl_title=\"\" class=\"rl-gallery-link\" data-rl_caption=\"\" data-rel=\"lightbox-gallery-1\"><img loading=\"lazy\" decoding=\"async\" src=\"https:\/\/www.schule-finowfurt.de\/site\/wp-content\/uploads\/2019\/03\/909CF48D-C638-40DA-9286-2B3076658117-300x225.jpeg\" width=\"300\" height=\"225\" alt=\"\" \/><\/a><\/div><div class=\"rl-gallery-item\"><a href=\"https:\/\/www.schule-finowfurt.de\/site\/wp-content\/uploads\/2019\/03\/8277BCC5-2BF6-49A6-B2E2-B4EDD469E2F3.jpeg\" title=\"\" data-rl_title=\"\" class=\"rl-gallery-link\" data-rl_caption=\"\" data-rel=\"lightbox-gallery-1\"><img loading=\"lazy\" decoding=\"async\" src=\"https:\/\/www.schule-finowfurt.de\/site\/wp-content\/uploads\/2019\/03\/8277BCC5-2BF6-49A6-B2E2-B4EDD469E2F3-300x169.jpeg\" width=\"300\" height=\"169\" alt=\"\" \/><\/a><\/div><div class=\"rl-gallery-item\"><a href=\"https:\/\/www.schule-finowfurt.de\/site\/wp-content\/uploads\/2019\/03\/93031A5E-C57C-46F5-82B9-1C3F68AF4AC6.jpeg\" title=\"\" data-rl_title=\"\" class=\"rl-gallery-link\" data-rl_caption=\"\" data-rel=\"lightbox-gallery-1\"><img loading=\"lazy\" decoding=\"async\" src=\"https:\/\/www.schule-finowfurt.de\/site\/wp-content\/uploads\/2019\/03\/93031A5E-C57C-46F5-82B9-1C3F68AF4AC6-225x300.jpeg\" width=\"225\" height=\"300\" alt=\"\" \/><\/a><\/div><div class=\"rl-gallery-item\"><a href=\"https:\/\/www.schule-finowfurt.de\/site\/wp-content\/uploads\/2019\/03\/76295306-30CE-400A-ADCE-1B3215A2DD1F.jpeg\" title=\"\" data-rl_title=\"\" class=\"rl-gallery-link\" data-rl_caption=\"\" data-rel=\"lightbox-gallery-1\"><img loading=\"lazy\" decoding=\"async\" src=\"https:\/\/www.schule-finowfurt.de\/site\/wp-content\/uploads\/2019\/03\/76295306-30CE-400A-ADCE-1B3215A2DD1F-300x225.jpeg\" width=\"300\" height=\"225\" alt=\"\" \/><\/a><\/div><div class=\"rl-gallery-item\"><a href=\"https:\/\/www.schule-finowfurt.de\/site\/wp-content\/uploads\/2019\/03\/AC9ADF5A-4A5E-4A7D-B26F-8933444B8B62.jpeg\" title=\"\" data-rl_title=\"\" class=\"rl-gallery-link\" data-rl_caption=\"\" data-rel=\"lightbox-gallery-1\"><img loading=\"lazy\" decoding=\"async\" src=\"https:\/\/www.schule-finowfurt.de\/site\/wp-content\/uploads\/2019\/03\/AC9ADF5A-4A5E-4A7D-B26F-8933444B8B62-300x225.jpeg\" width=\"300\" height=\"225\" alt=\"\" \/><\/a><\/div><div class=\"rl-gallery-item\"><a href=\"https:\/\/www.schule-finowfurt.de\/site\/wp-content\/uploads\/2019\/03\/C124705A-D839-4E92-942C-90A6B6F8413C.jpeg\" title=\"\" data-rl_title=\"\" class=\"rl-gallery-link\" data-rl_caption=\"\" data-rel=\"lightbox-gallery-1\"><img loading=\"lazy\" decoding=\"async\" src=\"https:\/\/www.schule-finowfurt.de\/site\/wp-content\/uploads\/2019\/03\/C124705A-D839-4E92-942C-90A6B6F8413C-300x225.jpeg\" width=\"300\" height=\"225\" alt=\"\" \/><\/a><\/div><div class=\"rl-gallery-item\"><a href=\"https:\/\/www.schule-finowfurt.de\/site\/wp-content\/uploads\/2019\/03\/E58C934A-C579-4C2B-84CB-01B653ACDDA1.jpeg\" title=\"\" data-rl_title=\"\" class=\"rl-gallery-link\" data-rl_caption=\"\" data-rel=\"lightbox-gallery-1\"><img loading=\"lazy\" decoding=\"async\" src=\"https:\/\/www.schule-finowfurt.de\/site\/wp-content\/uploads\/2019\/03\/E58C934A-C579-4C2B-84CB-01B653ACDDA1-300x225.jpeg\" width=\"300\" height=\"225\" alt=\"\" \/><\/a><\/div><div class=\"rl-gallery-item\"><a href=\"https:\/\/www.schule-finowfurt.de\/site\/wp-content\/uploads\/2019\/03\/EE27267C-8EEB-4676-84E7-8786D8FC5ACF.jpeg\" title=\"\" data-rl_title=\"\" class=\"rl-gallery-link\" data-rl_caption=\"\" data-rel=\"lightbox-gallery-1\"><img loading=\"lazy\" decoding=\"async\" src=\"https:\/\/www.schule-finowfurt.de\/site\/wp-content\/uploads\/2019\/03\/EE27267C-8EEB-4676-84E7-8786D8FC5ACF-300x225.jpeg\" width=\"300\" height=\"225\" alt=\"\" \/><\/a><\/div> <\/div> <\/div>\n","protected":false},"excerpt":{"rendered":"<p>Allj\u00e4hrlich machten sich 18 mutige Sch\u00fcler und Sch\u00fclerinnen auf den Weg in Richtung S\u00fcdtirol nach St. Johan Gisse. Schon im<\/p>\n","protected":false},"author":1,"featured_media":0,"parent":0,"menu_order":0,"comment_status":"closed","ping_status":"closed","template":"","meta":{"footnotes":""},"class_list":["post-1458","page","type-page","status-publish","hentry"],"_links":{"self":[{"href":"https:\/\/www.schule-finowfurt.de\/site\/index.php?rest_route=\/wp\/v2\/pages\/1458","targetHints":{"allow":["GET"]}}],"collection":[{"href":"https:\/\/www.schule-finowfurt.de\/site\/index.php?rest_route=\/wp\/v2\/pages"}],"about":[{"href":"https:\/\/www.schule-finowfurt.de\/site\/index.php?rest_route=\/wp\/v2\/types\/page"}],"author":[{"embeddable":true,"href":"https:\/\/www.schule-finowfurt.de\/site\/index.php?rest_route=\/wp\/v2\/users\/1"}],"replies":[{"embeddable":true,"href":"https:\/\/www.schule-finowfurt.de\/site\/index.php?rest_route=%2Fwp%2Fv2%2Fcomments&post=1458"}],"version-history":[{"count":4,"href":"https:\/\/www.schule-finowfurt.de\/site\/index.php?rest_route=\/wp\/v2\/pages\/1458\/revisions"}],"predecessor-version":[{"id":2002,"href":"https:\/\/www.schule-finowfurt.de\/site\/index.php?rest_route=\/wp\/v2\/pages\/1458\/revisions\/2002"}],"wp:attachment":[{"href":"https:\/\/www.schule-finowfurt.de\/site\/index.php?rest_route=%2Fwp%2Fv2%2Fmedia&parent=1458"}],"curies":[{"name":"wp","href":"https:\/\/api.w.org\/{rel}","templated":true}]}}