{"id":1811,"date":"2018-12-04T21:41:03","date_gmt":"2018-12-04T20:41:03","guid":{"rendered":"http:\/\/www.schule-finowfurt.de\/site\/?page_id=1811"},"modified":"2019-03-04T22:15:50","modified_gmt":"2019-03-04T21:15:50","slug":"zusammenarbeit-mit-fuenf-europaeischen-laendern","status":"publish","type":"page","link":"https:\/\/www.schule-finowfurt.de\/site\/?page_id=1811","title":{"rendered":"5. Internationales Erasmus+ Treffen auf Gran Canaria 2018"},"content":{"rendered":"<p><strong>Schule Finowfurt profitiert von den Begegnungen und der Zusammenarbeit mit f\u00fcnf europ\u00e4ischen L\u00e4ndern<\/strong><\/p>\n<p>&#8211; Internationale Freundschaften und Kontakte \u00fcber das Erasmus+ Projekt hinaus &#8211;<\/p>\n<p>\u201eEDUCATION \u2013 the key for your future!\u201c \u2013 \u201eBILDUNG \u2013 der Schl\u00fcssel f\u00fcr deine Zukunft!\u201c: So lautet der Titel des Erasmus+ Projektes an der Schule Finowfurt. Der Bildungsstandort Finowfurt hat die Koordination f\u00fcr eine dreij\u00e4hrige Zusammenarbeit mit den L\u00e4ndern Griechenland, Ungarn, T\u00fcrkei, Spanien und der Niederlande \u00fcbernommen. Die Aufgabe der LehrerInnen besteht darin, Strategien zu entwickeln, um Schulunlust zu vermeiden. So steht jede Auslandsfahrt unter einem anderen Thema.<\/p>\n<p>Viele Sch\u00fclerInnen und LehrerInnen hatten bisher die Chance, in die Partnerl\u00e4nder zu reisen. \u00dcber das Projekt hinaus entstanden Freundschaften. So fanden und finden wiederholt private Besuche und Gegenbesuche von Sch\u00fclern und Lehrern statt. Schon allein deshalb hat sich jede Seite des 67seitigen Antrages im Jahre 2015 gelohnt. Gef\u00f6rdert und finanziert wird das Erasmus+ Projekt von der Europ\u00e4ischen Union.<\/p>\n<p><img loading=\"lazy\" decoding=\"async\" class=\"alignnone wp-image-1807 size-large\" src=\"https:\/\/www.schule-finowfurt.de\/site\/wp-content\/uploads\/2018\/12\/2-1024x813.jpg\" alt=\"\" width=\"810\" height=\"643\" srcset=\"https:\/\/www.schule-finowfurt.de\/site\/wp-content\/uploads\/2018\/12\/2-1024x813.jpg 1024w, https:\/\/www.schule-finowfurt.de\/site\/wp-content\/uploads\/2018\/12\/2-300x238.jpg 300w, https:\/\/www.schule-finowfurt.de\/site\/wp-content\/uploads\/2018\/12\/2-768x610.jpg 768w, https:\/\/www.schule-finowfurt.de\/site\/wp-content\/uploads\/2018\/12\/2.jpg 1600w\" sizes=\"auto, (max-width: 810px) 100vw, 810px\" \/><\/p>\n<p><img loading=\"lazy\" decoding=\"async\" class=\"alignnone wp-image-1812 size-large\" src=\"https:\/\/www.schule-finowfurt.de\/site\/wp-content\/uploads\/2018\/12\/3-768x1024.jpg\" alt=\"\" width=\"768\" height=\"1024\" srcset=\"https:\/\/www.schule-finowfurt.de\/site\/wp-content\/uploads\/2018\/12\/3-768x1024.jpg 768w, https:\/\/www.schule-finowfurt.de\/site\/wp-content\/uploads\/2018\/12\/3-225x300.jpg 225w\" sizes=\"auto, (max-width: 768px) 100vw, 768px\" \/><\/p>\n<p>Unl\u00e4ngst organisierte die spanische Schule in Telde auf Gran Canaria ein Treffen. Zur\u00fcck blieben viele Erinnerungen. Einige seien an dieser Stelle auszugsweise genannt:<\/p>\n<p>Marvin Rohrbeck, Klasse 10<\/p>\n<p>Als wir ankamen, wurden \u00a0wir herzlich mit einem Riesen Plakat begr\u00fc\u00dft. Was auch direkt aufgefallen ist, dass die Spanier nicht mit Umarmungen begr\u00fc\u00dfen, sondern mit zwei K\u00fcssen auf der Wange, jeweils rechts und links.<\/p>\n<p>Marie Ivers, Klasse 9<\/p>\n<p>Dass wir \u00fcberhaupt die M\u00f6glichkeit bekamen, an einem solchen Projekt teilnehmen zu d\u00fcrfen, ist schon unglaublich.\u00a0 Das Essen in Spanien werde ich vermissen! In meiner Gastfamilie hat der Vater immer gekocht und das war sehr lecker.<\/p>\n<p>Lena, Emma Voigt, Klasse 10<\/p>\n<p>Die Woche ging sehr schnell vorbei und ich werde diese mein Leben lang nicht vergessen. Der Kontakt zwischen den Leuten wird &#8211; denke ich &#8211; auch noch bestehen bleiben und man zieht in Erw\u00e4gung, auch mal ohne dieses Projekt zur\u00fcck in die anderen L\u00e4nder zu reisen.<\/p>\n<p>Maike Mand, Klasse 9<\/p>\n<p>An jedem Tag haben wir einen anderen Teil von Gran Canaria kennen gelernt, wir waren an den verschiedensten Orten, am \u00a0Strand zum Stand-UP Paddeln oder wir fuhren in die Berge, um zu wandern und die Aussicht zu genie\u00dfen.<\/p>\n<p>Ich bin sehr dankbar, dass ich an diesem Projekt teilnehmen durfte und finde, dass dieses langj\u00e4hrige Projekt ein gro\u00dfer Erfolg f\u00fcr unsere Schule war.<\/p>\n<p>Anna Buresch, Klasse 10<\/p>\n<p>Was ich ganz spannend finde, ist, dass es in Spanien nur zwei Ferien gibt; \u00a0einmal die Weihnachtsferien mit 2 Wochen und dann die Sommerferien mit drei Monaten. Ich war\/bin sehr froh bei diesem Projekt Erasmus + mitgemacht zu haben. Und bedanke mich herzlich bei den Lehrern, die uns das erm\u00f6glichen konnten. Er war eine sch\u00f6ne Erfahrung und ich w\u00fcrde es immer wieder machen.<\/p>\n<p>Marion Lange<\/p>\n<p>Koordinatorin des Erasmus+ Projektes<\/p>\n<p>Schule Finowfurt<\/p>\n<p><img loading=\"lazy\" decoding=\"async\" class=\"alignnone wp-image-1813 size-large\" src=\"https:\/\/www.schule-finowfurt.de\/site\/wp-content\/uploads\/2018\/12\/Abreise-aus-Gran-Canaria-1024x768.jpg\" alt=\"\" width=\"810\" height=\"608\" srcset=\"https:\/\/www.schule-finowfurt.de\/site\/wp-content\/uploads\/2018\/12\/Abreise-aus-Gran-Canaria-1024x768.jpg 1024w, https:\/\/www.schule-finowfurt.de\/site\/wp-content\/uploads\/2018\/12\/Abreise-aus-Gran-Canaria-300x225.jpg 300w, https:\/\/www.schule-finowfurt.de\/site\/wp-content\/uploads\/2018\/12\/Abreise-aus-Gran-Canaria-768x576.jpg 768w, https:\/\/www.schule-finowfurt.de\/site\/wp-content\/uploads\/2018\/12\/Abreise-aus-Gran-Canaria-880x660.jpg 880w, https:\/\/www.schule-finowfurt.de\/site\/wp-content\/uploads\/2018\/12\/Abreise-aus-Gran-Canaria.jpg 1600w\" sizes=\"auto, (max-width: 810px) 100vw, 810px\" \/><\/p>\n<p>FOTO: Verabschiedung- Team Deutschland und die spanischen Gastfamilien<\/p>\n","protected":false},"excerpt":{"rendered":"<p>Schule Finowfurt profitiert von den Begegnungen und der Zusammenarbeit mit f\u00fcnf europ\u00e4ischen L\u00e4ndern &#8211; Internationale Freundschaften und Kontakte \u00fcber das<\/p>\n","protected":false},"author":1,"featured_media":0,"parent":0,"menu_order":0,"comment_status":"closed","ping_status":"closed","template":"","meta":{"footnotes":""},"class_list":["post-1811","page","type-page","status-publish","hentry"],"_links":{"self":[{"href":"https:\/\/www.schule-finowfurt.de\/site\/index.php?rest_route=\/wp\/v2\/pages\/1811","targetHints":{"allow":["GET"]}}],"collection":[{"href":"https:\/\/www.schule-finowfurt.de\/site\/index.php?rest_route=\/wp\/v2\/pages"}],"about":[{"href":"https:\/\/www.schule-finowfurt.de\/site\/index.php?rest_route=\/wp\/v2\/types\/page"}],"author":[{"embeddable":true,"href":"https:\/\/www.schule-finowfurt.de\/site\/index.php?rest_route=\/wp\/v2\/users\/1"}],"replies":[{"embeddable":true,"href":"https:\/\/www.schule-finowfurt.de\/site\/index.php?rest_route=%2Fwp%2Fv2%2Fcomments&post=1811"}],"version-history":[{"count":5,"href":"https:\/\/www.schule-finowfurt.de\/site\/index.php?rest_route=\/wp\/v2\/pages\/1811\/revisions"}],"predecessor-version":[{"id":2008,"href":"https:\/\/www.schule-finowfurt.de\/site\/index.php?rest_route=\/wp\/v2\/pages\/1811\/revisions\/2008"}],"wp:attachment":[{"href":"https:\/\/www.schule-finowfurt.de\/site\/index.php?rest_route=%2Fwp%2Fv2%2Fmedia&parent=1811"}],"curies":[{"name":"wp","href":"https:\/\/api.w.org\/{rel}","templated":true}]}}

<p><strong>Schule Finowfurt profitiert von den Begegnungen und der Zusammenarbeit mit fünf europäischen Ländern</strong></p>
<p>&#8211; Internationale Freundschaften und Kontakte über das Erasmus+ Projekt hinaus &#8211;</p>
<p>„EDUCATION – the key for your future!“ – „BILDUNG – der Schlüssel für deine Zukunft!“: So lautet der Titel des Erasmus+ Projektes an der Schule Finowfurt. Der Bildungsstandort Finowfurt hat die Koordination für eine dreijährige Zusammenarbeit mit den Ländern Griechenland, Ungarn, Türkei, Spanien und der Niederlande übernommen. Die Aufgabe der LehrerInnen besteht darin, Strategien zu entwickeln, um Schulunlust zu vermeiden. So steht jede Auslandsfahrt unter einem anderen Thema.</p>
<p>Viele SchülerInnen und LehrerInnen hatten bisher die Chance, in die Partnerländer zu reisen. Über das Projekt hinaus entstanden Freundschaften. So fanden und finden wiederholt private Besuche und Gegenbesuche von Schülern und Lehrern statt. Schon allein deshalb hat sich jede Seite des 67seitigen Antrages im Jahre 2015 gelohnt. Gefördert und finanziert wird das Erasmus+ Projekt von der Europäischen Union.</p>
<p><img loading="lazy" decoding="async" class="alignnone wp-image-1807 size-large" src="https://www.schule-finowfurt.de/site/wp-content/uploads/2018/12/2-1024x813.jpg" alt="" width="810" height="643" srcset="https://www.schule-finowfurt.de/site/wp-content/uploads/2018/12/2-1024x813.jpg 1024w, https://www.schule-finowfurt.de/site/wp-content/uploads/2018/12/2-300x238.jpg 300w, https://www.schule-finowfurt.de/site/wp-content/uploads/2018/12/2-768x610.jpg 768w, https://www.schule-finowfurt.de/site/wp-content/uploads/2018/12/2.jpg 1600w" sizes="auto, (max-width: 810px) 100vw, 810px" /></p>
<p><img loading="lazy" decoding="async" class="alignnone wp-image-1812 size-large" src="https://www.schule-finowfurt.de/site/wp-content/uploads/2018/12/3-768x1024.jpg" alt="" width="768" height="1024" srcset="https://www.schule-finowfurt.de/site/wp-content/uploads/2018/12/3-768x1024.jpg 768w, https://www.schule-finowfurt.de/site/wp-content/uploads/2018/12/3-225x300.jpg 225w" sizes="auto, (max-width: 768px) 100vw, 768px" /></p>
<p>Unlängst organisierte die spanische Schule in Telde auf Gran Canaria ein Treffen. Zurück blieben viele Erinnerungen. Einige seien an dieser Stelle auszugsweise genannt:</p>
<p>Marvin Rohrbeck, Klasse 10</p>
<p>Als wir ankamen, wurden  wir herzlich mit einem Riesen Plakat begrüßt. Was auch direkt aufgefallen ist, dass die Spanier nicht mit Umarmungen begrüßen, sondern mit zwei Küssen auf der Wange, jeweils rechts und links.</p>
<p>Marie Ivers, Klasse 9</p>
<p>Dass wir überhaupt die Möglichkeit bekamen, an einem solchen Projekt teilnehmen zu dürfen, ist schon unglaublich.  Das Essen in Spanien werde ich vermissen! In meiner Gastfamilie hat der Vater immer gekocht und das war sehr lecker.</p>
<p>Lena, Emma Voigt, Klasse 10</p>
<p>Die Woche ging sehr schnell vorbei und ich werde diese mein Leben lang nicht vergessen. Der Kontakt zwischen den Leuten wird &#8211; denke ich &#8211; auch noch bestehen bleiben und man zieht in Erwägung, auch mal ohne dieses Projekt zurück in die anderen Länder zu reisen.</p>
<p>Maike Mand, Klasse 9</p>
<p>An jedem Tag haben wir einen anderen Teil von Gran Canaria kennen gelernt, wir waren an den verschiedensten Orten, am  Strand zum Stand-UP Paddeln oder wir fuhren in die Berge, um zu wandern und die Aussicht zu genießen.</p>
<p>Ich bin sehr dankbar, dass ich an diesem Projekt teilnehmen durfte und finde, dass dieses langjährige Projekt ein großer Erfolg für unsere Schule war.</p>
<p>Anna Buresch, Klasse 10</p>
<p>Was ich ganz spannend finde, ist, dass es in Spanien nur zwei Ferien gibt;  einmal die Weihnachtsferien mit 2 Wochen und dann die Sommerferien mit drei Monaten. Ich war/bin sehr froh bei diesem Projekt Erasmus + mitgemacht zu haben. Und bedanke mich herzlich bei den Lehrern, die uns das ermöglichen konnten. Er war eine schöne Erfahrung und ich würde es immer wieder machen.</p>
<p>Marion Lange</p>
<p>Koordinatorin des Erasmus+ Projektes</p>
<p>Schule Finowfurt</p>
<p><img loading="lazy" decoding="async" class="alignnone wp-image-1813 size-large" src="https://www.schule-finowfurt.de/site/wp-content/uploads/2018/12/Abreise-aus-Gran-Canaria-1024x768.jpg" alt="" width="810" height="608" srcset="https://www.schule-finowfurt.de/site/wp-content/uploads/2018/12/Abreise-aus-Gran-Canaria-1024x768.jpg 1024w, https://www.schule-finowfurt.de/site/wp-content/uploads/2018/12/Abreise-aus-Gran-Canaria-300x225.jpg 300w, https://www.schule-finowfurt.de/site/wp-content/uploads/2018/12/Abreise-aus-Gran-Canaria-768x576.jpg 768w, https://www.schule-finowfurt.de/site/wp-content/uploads/2018/12/Abreise-aus-Gran-Canaria-880x660.jpg 880w, https://www.schule-finowfurt.de/site/wp-content/uploads/2018/12/Abreise-aus-Gran-Canaria.jpg 1600w" sizes="auto, (max-width: 810px) 100vw, 810px" /></p>
<p>FOTO: Verabschiedung- Team Deutschland und die spanischen Gastfamilien</p>

<p>Schule Finowfurt profitiert von den Begegnungen und der Zusammenarbeit mit fünf europäischen Ländern &#8211; Internationale Freundschaften und Kontakte über das</p>
