{"id":2270,"date":"2019-08-09T22:30:35","date_gmt":"2019-08-09T20:30:35","guid":{"rendered":"http:\/\/www.schule-finowfurt.de\/site\/?page_id=2270"},"modified":"2026-03-18T23:22:19","modified_gmt":"2026-03-18T22:22:19","slug":"termine","status":"publish","type":"page","link":"https:\/\/www.schule-finowfurt.de\/site\/?page_id=2270","title":{"rendered":"Termine"},"content":{"rendered":"<p>23. 04. 26 Die Schule l\u00e4dt zum traditionellen j\u00e4hrlichen Fr\u00fchlingsfest: FR\u00dcHLINGSERWACHEN<\/p>\n","protected":false},"excerpt":{"rendered":"<p>23. 04. 26 Die Schule l\u00e4dt zum traditionellen j\u00e4hrlichen Fr\u00fchlingsfest: FR\u00dcHLINGSERWACHEN<\/p>\n","protected":false},"author":1,"featured_media":0,"parent":0,"menu_order":0,"comment_status":"closed","ping_status":"closed","template":"","meta":{"footnotes":""},"class_list":["post-2270","page","type-page","status-publish","hentry"],"_links":{"self":[{"href":"https:\/\/www.schule-finowfurt.de\/site\/index.php?rest_route=\/wp\/v2\/pages\/2270","targetHints":{"allow":["GET"]}}],"collection":[{"href":"https:\/\/www.schule-finowfurt.de\/site\/index.php?rest_route=\/wp\/v2\/pages"}],"about":[{"href":"https:\/\/www.schule-finowfurt.de\/site\/index.php?rest_route=\/wp\/v2\/types\/page"}],"author":[{"embeddable":true,"href":"https:\/\/www.schule-finowfurt.de\/site\/index.php?rest_route=\/wp\/v2\/users\/1"}],"replies":[{"embeddable":true,"href":"https:\/\/www.schule-finowfurt.de\/site\/index.php?rest_route=%2Fwp%2Fv2%2Fcomments&post=2270"}],"version-history":[{"count":16,"href":"https:\/\/www.schule-finowfurt.de\/site\/index.php?rest_route=\/wp\/v2\/pages\/2270\/revisions"}],"predecessor-version":[{"id":4705,"href":"https:\/\/www.schule-finowfurt.de\/site\/index.php?rest_route=\/wp\/v2\/pages\/2270\/revisions\/4705"}],"wp:attachment":[{"href":"https:\/\/www.schule-finowfurt.de\/site\/index.php?rest_route=%2Fwp%2Fv2%2Fmedia&parent=2270"}],"curies":[{"name":"wp","href":"https:\/\/api.w.org\/{rel}","templated":true}]}}