{"id":821,"date":"2018-05-31T21:37:15","date_gmt":"2018-05-31T19:37:15","guid":{"rendered":"http:\/\/www.schule-finowfurt.de\/site\/?page_id=821"},"modified":"2018-05-31T21:37:15","modified_gmt":"2018-05-31T19:37:15","slug":"comenius-geht-weiter","status":"publish","type":"page","link":"https:\/\/www.schule-finowfurt.de\/site\/?page_id=821","title":{"rendered":"Comenius geht weiter"},"content":{"rendered":"<h4><strong>45 norwegische Lehrer im September 2015 zu Gast in Finowfurt<\/strong><\/h4>\n<p><img loading=\"lazy\" decoding=\"async\" class=\"alignnone wp-image-822 size-large\" src=\"https:\/\/www.schule-finowfurt.de\/site\/wp-content\/uploads\/2018\/05\/Besuch-Norwegen-1024x685.jpg\" alt=\"\" width=\"810\" height=\"542\" srcset=\"https:\/\/www.schule-finowfurt.de\/site\/wp-content\/uploads\/2018\/05\/Besuch-Norwegen.jpg 1024w, https:\/\/www.schule-finowfurt.de\/site\/wp-content\/uploads\/2018\/05\/Besuch-Norwegen-300x201.jpg 300w, https:\/\/www.schule-finowfurt.de\/site\/wp-content\/uploads\/2018\/05\/Besuch-Norwegen-768x514.jpg 768w, https:\/\/www.schule-finowfurt.de\/site\/wp-content\/uploads\/2018\/05\/Besuch-Norwegen-120x80.jpg 120w\" sizes=\"auto, (max-width: 810px) 100vw, 810px\" \/><\/p>\n<p class=\"rtejustify\">Seit zwei Jahren ist die Schule Finowfurt Teil des von der EU gef\u00f6rderten internationalen Comenius \u2013 Austauschprogramms und pflegte w\u00e4hrend dieser Zeit intensive Kontakte zu Bulgarien, Griechenland, T\u00fcrkei, Polen und Norwegen. Alle Teilnehmer besch\u00e4ftigten sich mit dem Thema \u201eStreets of Europe\u201c.<\/p>\n<p class=\"rtejustify\">Im Oktober des vergangenen Jahres organisierten Lehrer, Eltern und Sch\u00fcler ein internationales Treffen in Finowfurt. Nicht nur unsere norwegischen G\u00e4ste waren begeistert von den \u00f6rtlichen und schulischen Begebenheiten unserer Einrichtung. So entstand auf der Seite der Norweger der Wunsch, mit \u201eeinigen Kollegen\u201c erneut nach Finowfurt zu reisen. Gekommen sind 45!<\/p>\n<p class=\"rtejustify\">Sie verbrachten in Deutschland erlebnisreiche Tage in Berlin, besuchten das Schiffshebewerk in Niederfinow und nat\u00fcrlich die Schule Finowfurt. Hier konnten sie einen Einblick in unseren Unterrichtsablauf gewinnen bzw. unsere modern ausgestattete Schule besichtigen. Da die norwegische Schule in Lorenskog ebenfalls das 60- Minuten- Modell favorisiert, konnten Erfahrungen und Neuigkeiten auf kollegialer Ebene ausgetauscht werden.<\/p>\n<p class=\"rtejustify\">Auch ohne finanzielle F\u00f6rderung wird der Kontakt zwischen unseren Partnerl\u00e4ndern weiter gehen. Wir sehen das Comenius-Programm als gro\u00dfen Gewinn und haben mit Hilfe des Austauschprogrammes Finowfurt und unsere Schule weit \u00fcber die L\u00e4ndergrenzen bekannt machen d\u00fcrfen.<\/p>\n<p class=\"rtejustify\">M. Lange<br \/>\n(Siehe auch Artikel der M\u00e4rkischen Oderzeitung vom 16. September 2015)<\/p>\n","protected":false},"excerpt":{"rendered":"<p>45 norwegische Lehrer im September 2015 zu Gast in Finowfurt Seit zwei Jahren ist die Schule Finowfurt Teil des von<\/p>\n","protected":false},"author":1,"featured_media":0,"parent":0,"menu_order":0,"comment_status":"closed","ping_status":"closed","template":"","meta":{"footnotes":""},"class_list":["post-821","page","type-page","status-publish","hentry"],"_links":{"self":[{"href":"https:\/\/www.schule-finowfurt.de\/site\/index.php?rest_route=\/wp\/v2\/pages\/821","targetHints":{"allow":["GET"]}}],"collection":[{"href":"https:\/\/www.schule-finowfurt.de\/site\/index.php?rest_route=\/wp\/v2\/pages"}],"about":[{"href":"https:\/\/www.schule-finowfurt.de\/site\/index.php?rest_route=\/wp\/v2\/types\/page"}],"author":[{"embeddable":true,"href":"https:\/\/www.schule-finowfurt.de\/site\/index.php?rest_route=\/wp\/v2\/users\/1"}],"replies":[{"embeddable":true,"href":"https:\/\/www.schule-finowfurt.de\/site\/index.php?rest_route=%2Fwp%2Fv2%2Fcomments&post=821"}],"version-history":[{"count":1,"href":"https:\/\/www.schule-finowfurt.de\/site\/index.php?rest_route=\/wp\/v2\/pages\/821\/revisions"}],"predecessor-version":[{"id":823,"href":"https:\/\/www.schule-finowfurt.de\/site\/index.php?rest_route=\/wp\/v2\/pages\/821\/revisions\/823"}],"wp:attachment":[{"href":"https:\/\/www.schule-finowfurt.de\/site\/index.php?rest_route=%2Fwp%2Fv2%2Fmedia&parent=821"}],"curies":[{"name":"wp","href":"https:\/\/api.w.org\/{rel}","templated":true}]}}